(g)?
7
Suppose -615 = 3*u - 8*u. What is the remainder when u is divided by 21?
18
Suppose -3 = 2*u - 9. What is the remainder when 6 is divided by u?
0
Let t = 7 + 25. Suppose 4*k = h + 65, 0 = -5*k - 2*h - 9 + 100. What is the remainder when t is divided by k?
15
Let g = -273 + 388. Calculate the remainder when g is divided by 29.
28
Let t(m) = m**2 - m + 8. Let f be t(6). Suppose -n + 3 = -f. Calculate the remainder when n is divided by 14.
13
Let k(o) = -2*o + 1. Let z be (2 - -2 - -13) + 3. What is the remainder when z/(-12)*-3*5 is divided by k(-4)?
7
Calculate the remainder when 7 is divided by 32/40*(7 + -2).
3
Let o = 18 + -13. Let z(n) = -n**3 + 3*n**2 + 7*n - 5. Let f be z(o). What is the remainder when 41 is divided by 1/1 + 0 - f?
20
Let n(p) = p**3 + 5*p**2 + 4*p + 2. What is the remainder when 20 is divided by n(-3)?
4
Let i(f) = f**3 - 13*f**2 + f + 12. What is the remainder when i(13) is divided by 14?
11
Let w(j) = -j**3 - 3*j**2 + 7*j. Let k be 3/2*(-50)/15. Calculate the remainder when 56 is divided by w(k).
11
Suppose 7 = 2*z - 11. Suppose 15 = 2*k - z. What is the remainder when k is divided by 7?
5
Suppose -4*f + 109 - 61 = 0. Suppose -98 = -2*r + 4*v, -r + 4*v = -44 - 9. Calculate the remainder when r is divided by f.
9
Let w = -11 - -25. Calculate the remainder when 55 is divided by w.
13
Let x(o) = 5*o - 15. What is the remainder when 13 is divided by x(4)?
3
Suppose -4*w + 107 = -1. Calculate the remainder when 79 is divided by w.
25
Let w be (160/30)/((-2)/6). Let t = 0 - w. What is the remainder when 30 is divided by t?
14
Suppose 4*m = 5*v - 0*m - 21, v - 4*m = 1. Suppose -y = -v*x + 129, -4 = x + y - 25. What is the remainder when x is divided by 13?
12
Let w = -43 + 48. What is the remainder when 28 is divided by w?
3
Let z = 30 - 2. Calculate the remainder when 139 is divided by z.
27
Suppose m = -5*f + 59, -4*m + 170 = 2*f - 4*f. Suppose -3*c + 5*c - m = 0. Calculate the remainder when c is divided by 5.
2
Suppose -3*b = -16 + 10. Let p(q) = -2*q - 1. Calculate the remainder when b is divided by p(-1).
0
Let x = -8 - -23. What is the remainder when 456/(-16)*(-8)/4 is divided by x?
12
What is the remainder when 5/(-2)*(-40)/25 is divided by 1?
0
Let h = 96 - 54. What is the remainder when h is divided by 11?
9
Suppose -r + 6*r = 15. Calculate the remainder when 5 is divided by r.
2
Suppose 9*l - 8*l - 3 = 0. Calculate the remainder when 3/9*41*l is divided by 14.
13
Suppose 0 + 18 = 3*y. Suppose -4*k = 3*p + 2*p - 99, -k + 5*p + y = 0. Suppose -k = -2*t + 13. Calculate the remainder when 33 is divided by t.
16
Let s be ((-1)/2)/(3/282). Let c = s + 14. Let u = c - -56. Calculate the remainder when u is divided by 12.
11
Suppose -5*i - 11 = -2*p, -2*p - 77 = -7*p - 4*i. Suppose 0 = 2*w - w - p. Let a = 13 + w. What is the remainder when a is divided by 14?
12
Let f(i) = 3*i - 2*i - 2*i + 1 + 40*i**2. Let y(p) = p**3 + 14*p**2 + 12*p + 1. Calculate the remainder when f(1) is divided by y(-13).
12
Let a = 25 - 12. Let n(p) = -p. Let z(y) = 18*y + 17. Let q(j) = -n(j) - z(j). Calculate the remainder when q(-4) is divided by a.
12
Suppose -115 + 1 = -3*m. Calculate the remainder when m is divided by 8.
6
Suppose -5*u + 4*u - 3*g = -51, -5*g = u - 59. Calculate the remainder when u is divided by (20/(-6))/((-1)/3).
9
Suppose -2*r = -4, 0*n - r - 17 = -n. Calculate the remainder when n is divided by 11.
8
Suppose 0 = p, -3*p - 7 = -d + 15. Let a(i) = 13*i**3 - i**2 + i. What is the remainder when d is divided by a(1)?
9
Let j = -5 - -19. Calculate the remainder when 53 is divided by j.
11
Suppose -6*p - 10 = -4*p, p - 105 = -2*w. Suppose 0 = -o + 4*o - 2*n + 50, 4*o - 4*n = -72. Let s = 33 + o. What is the remainder when w is divided by s?
17
Let y(j) = -5*j - 3. Let b be y(-2). Let t(n) be the second derivative of n**4/12 - n**3/2 + 3*n**2/2 - n. What is the remainder when t(b) is divided by 11?
9
Let a = -7 + 29. Let n(q) = 9*q**2 - 1. What is the remainder when a is divided by n(1)?
6
Let o(u) = -18*u + 2. Let w be o(-2). Suppose -w = -2*h - 16. What is the remainder when 32 is divided by h?
10
Let w(u) = 49*u**2 - 2*u - 1. Let f = 12 + -13. What is the remainder when w(f) is divided by 17?
16
Let w = 40 - 17. Calculate the remainder when 67 is divided by w.
21
Let t(z) = 4*z - 5. What is the remainder when 29 is divided by t(5)?
14
Let w = 36 + -25. Suppose 0 = x + x - 10, 3*h - 5*x = w. Suppose n = 5*n - h. What is the remainder when 7 is divided by n?
1
Let m be (-982)/(-7) + 2/(-7). Let q = -66 + m. Let f = 35 - 10. Calculate the remainder when q is divided by f.
24
Let g(v) be the first derivative of 2*v**3 + v**2 + 2*v + 5. Calculate the remainder when g(-2) is divided by 12.
10
Let c(w) = -5*w**2 - 3*w. Let y be c(-3). Let f = 24 + y. What is the remainder when 15 is divided by (6/1)/((-8)/f)?
6
Suppose -3*j = -r + 4, 2*j - 6 = -2*r + 2. Suppose r*h - 1 - 33 = 2*i, -50 = -5*h - 5*i. What is the remainder when 34 is divided by h?
7
Suppose 3*m - 27 - 20 = 5*d, 2 = d. Calculate the remainder when 54 is divided by m.
16
Suppose -25 = -5*q + 4*d, 2*d + 2*d = -5*q - 15. Let u(o) = 16*o + 1. Calculate the remainder when u(q) is divided by 6.
5
Suppose -7*v - 48 = -11*v. What is the remainder when 34 is divided by v?
10
Suppose -4*w + 3*w + 2*p = -1, 5*w + 5*p = 50. Suppose -b - 3*y = -4, -2*y = 2*b - 3*y - 8. Suppose b*o - 7 = 9. What is the remainder when w is divided by o?
3
Calculate the remainder when -2 + (-9)/(-3) + 25 is divided by 5.
1
Let g = 9 + 11. Calculate the remainder when 79 is divided by g.
19
Let d = 214 + -205. Calculate the remainder when 96 is divided by d.
6
Suppose -5*h + 13 = -2*n - 32, 0 = -5*h - 2*n + 45. Suppose -4*r = -2*r - 52. What is the remainder when r is divided by h?
8
Let n = 38 - 16. Let z = 59 - n. Calculate the remainder when z is divided by 19.
18
Suppose 3*v = 3*f + 15, -5*f + 10 = 4*v - 10. Suppose -2*z + f*z = -12. What is the remainder when z is divided by 3?
0
Suppose 0 = 2*w - 7*w + 5*z + 55, 4*z = -w + 36. Let i = -2 + w. Calculate the remainder when i is divided by 3.
2
Suppose 5*c + 785 = -5*d, -4*d - 3*c - 518 = 106. What is the remainder when 31 is divided by (d/(-36))/((-1)/(-4))?
14
Let r = 246 + -136. Suppose -3*g = 2*g - r. Calculate the remainder when g is divided by 24*(-3)/(-12)*2.
10
Calculate the remainder when (-714)/12*-2*1 is divided by 30.
29
Let l = 5 + 3. Suppose 5*v - v - 92 = 0. Calculate the remainder when v is divided by l.
7
Suppose 10*z + 18 = 7*z. What is the remainder when (-4)/12 + (-92)/z is divided by 9?
6
What is the remainder when 31 is divided by 14 + -4 + 3 + 4?
14
Let f be 0 + (2 - 10)*-1. Calculate the remainder when 90/f - (-2)/(-8) is divided by 6.
5
Let f = 82 + -56. What is the remainder when f is divided by 7?
5
Let v(m) = m**3 + 5*m**2 - 2. Let r be v(-5). What is the remainder when 39 is divided by 3/6*(-56)/r?
11
Let c(d) = 6*d**2 + 6*d + 15. Let m(b) = -5*b**2 - 6*b - 14. Let r(w) = 6*c(w) + 7*m(w). What is the remainder when 23 is divided by r(8)?
7
Let b = -25 - -46. Let v be (-3124)/(-143) - (-2)/13. Suppose -v = -t - t. Calculate the remainder when b is divided by t.
10
Let y(i) = -2*i + 2. Let z(v) = 4*v**3 - v**2 + 5*v + 3. What is the remainder when z(2) is divided by y(-6)?
13
Let b = 234 + -131. What is the remainder when b is divided by 21?
19
Let w(k) = -3*k - 1. Let u(t) = t**2 + 9*t - 1. Let r be u(-9). What is the remainder when 5 is divided by w(r)?
1
Suppose 4*j - 9*j = 4*m + 15, -5*j = 15. Let y(v) = -v + 13. Suppose 4*t - 27 = -7. Calculate the remainder when y(m) is divided by t.
3
Suppose 2*r + 10 = 2*n, 2*n + 4*r = 4*n - 2. Calculate the remainder when (-76)/(-3) + 4/(-12) is divided by n.
7
Suppose 0*z + 3 = z. Suppose 2*i + 3 = z*i. Let y = -15 - -19. What is the remainder when y is divided by i?
1
Let q = -12 - -35. What is the remainder when q is divided by 13?
10
Let g be (24 - (2 + 0)) + -2. Suppose 5*v + g = 0, m - 5*m + 64 = -5*v. Suppose 0 = -5*i + 2*i + 18. What is the remainder when m is divided by i?
5
Let m(b) = 5*b - 7. Calculate the remainder when 35 is divided by m(5).
17
Let i(f) = f**3 + 8*f**2 + 7*f + 1. Suppose r = -r - 14. Let b be i(r). Calculate the remainder when 49 is divi